{"id":40,"date":"2025-05-07T15:37:00","date_gmt":"2025-05-07T13:37:00","guid":{"rendered":"https:\/\/www.smartport-livinglab.de\/?page_id=40"},"modified":"2025-06-16T08:34:01","modified_gmt":"2025-06-16T06:34:01","slug":"isl","status":"publish","type":"page","link":"https:\/\/www.smartport-livinglab.de\/?page_id=40","title":{"rendered":"ISL"},"content":{"rendered":"\n<div class=\"wp-block-media-text alignwide is-stacked-on-mobile\"><figure class=\"wp-block-media-text__media\"><img decoding=\"async\" loading=\"lazy\" width=\"850\" height=\"295\" src=\"https:\/\/www.smartport-livinglab.de\/wp-content\/uploads\/2025\/06\/ISL_Logo_LeagueSpartan_blau_4c.png\" alt=\"\" class=\"wp-image-66 size-full\" srcset=\"https:\/\/www.smartport-livinglab.de\/wp-content\/uploads\/2025\/06\/ISL_Logo_LeagueSpartan_blau_4c.png 850w, https:\/\/www.smartport-livinglab.de\/wp-content\/uploads\/2025\/06\/ISL_Logo_LeagueSpartan_blau_4c-300x104.png 300w, https:\/\/www.smartport-livinglab.de\/wp-content\/uploads\/2025\/06\/ISL_Logo_LeagueSpartan_blau_4c-768x267.png 768w\" sizes=\"(max-width: 850px) 100vw, 850px\" \/><\/figure><div class=\"wp-block-media-text__content\">\n<p><strong>Optimierung von Prozessen<\/strong> <strong>der maritimen Logistik und Resilienz<\/strong><\/p>\n<\/div><\/div>\n\n\n\n<h2><\/h2>\n\n\n\n<p>Das ISL fokussiert auf die Beschaffung von Technologien\/Infrastruktur zur Prozessmodellierung und -analyse, Simulation und Optimierung, Entwicklung und Einsatz digitaler Zwillinge zur strategischen Planung, Hafenmonitoring, Technologieeinsatz f\u00fcr Hafensicherheit\/Resilienz. <\/p>\n\n\n\n<p>Es soll eine Gro\u00dfvideoleinwand f\u00fcr Prozessdarstellungen von innovativen Workflows (interaktiv mit den Akteuren) zum Einsatz kommen. Unterst\u00fctzt wird die Prozessanalyse durch 3D-Verfahren, die den Einsatz von AR\/VR-Brillen vorsehen, um die Erlebbarkeit von Innovationen im Hafen durch moderne Transfermethoden zu erm\u00f6glichen. <\/p>\n\n\n\n<p>Durch Einsatz von Flugdrohnen sollen Echtzeitdaten u.a. zur Verkehrs\u00fcberwachung und auch zur Resilienzforschung erhoben werden, die f\u00fcr Lagebilder auf Basis eigener Daten und darauf basierender Engpassanalysen ben\u00f6tigt werden. Die Drohnenbilder sollen auch als Basis u.a. f\u00fcr 3D-Modellierung dienen, um aus den Daten mittels 3D-Druck proportional korrekte, physische 3D-Modelle zu erstellen. <\/p>\n\n\n\n<p>Der Einsatz eines Laufroboters mit Manipulatorarm dient zur Erhebung eigener Daten von Anomalien im Hafenumfeld mittels Sensorik, wobei zur Steuerung der Drohnen und Laufroboter ein mobiler Leitstand zum Einsatz kommen soll. Dieser wird ebenfalls f\u00fcr Lagebilder und die Durchf\u00fchrung grundlegender Analysen vor Ort eingesetzt.<\/p>\n","protected":false},"excerpt":{"rendered":"<p>Optimierung von Prozessen der maritimen Logistik und Resilienz Das ISL fokussiert auf die Beschaffung von Technologien\/Infrastruktur zur Prozessmodellierung und -analyse, Simulation und Optimierung, Entwicklung und Einsatz digitaler Zwillinge zur strategischen Planung, Hafenmonitoring, Technologieeinsatz f\u00fcr Hafensicherheit\/Resilienz. Es soll eine Gro\u00dfvideoleinwand f\u00fcr Prozessdarstellungen von innovativen Workflows (interaktiv mit den Akteuren) zum Einsatz kommen. Unterst\u00fctzt wird die Prozessanalyse [&hellip;]<\/p>\n","protected":false},"author":1,"featured_media":0,"parent":14,"menu_order":1,"comment_status":"closed","ping_status":"closed","template":"","meta":[],"_links":{"self":[{"href":"https:\/\/www.smartport-livinglab.de\/index.php?rest_route=\/wp\/v2\/pages\/40"}],"collection":[{"href":"https:\/\/www.smartport-livinglab.de\/index.php?rest_route=\/wp\/v2\/pages"}],"about":[{"href":"https:\/\/www.smartport-livinglab.de\/index.php?rest_route=\/wp\/v2\/types\/page"}],"author":[{"embeddable":true,"href":"https:\/\/www.smartport-livinglab.de\/index.php?rest_route=\/wp\/v2\/users\/1"}],"replies":[{"embeddable":true,"href":"https:\/\/www.smartport-livinglab.de\/index.php?rest_route=%2Fwp%2Fv2%2Fcomments&post=40"}],"version-history":[{"count":5,"href":"https:\/\/www.smartport-livinglab.de\/index.php?rest_route=\/wp\/v2\/pages\/40\/revisions"}],"predecessor-version":[{"id":90,"href":"https:\/\/www.smartport-livinglab.de\/index.php?rest_route=\/wp\/v2\/pages\/40\/revisions\/90"}],"up":[{"embeddable":true,"href":"https:\/\/www.smartport-livinglab.de\/index.php?rest_route=\/wp\/v2\/pages\/14"}],"wp:attachment":[{"href":"https:\/\/www.smartport-livinglab.de\/index.php?rest_route=%2Fwp%2Fv2%2Fmedia&parent=40"}],"curies":[{"name":"wp","href":"https:\/\/api.w.org\/{rel}","templated":true}]}}